{"id":108,"date":"2026-04-06T14:11:57","date_gmt":"2026-04-06T14:11:57","guid":{"rendered":"http:\/\/joanadiz.com\/?page_id=108"},"modified":"2026-04-06T14:11:57","modified_gmt":"2026-04-06T14:11:57","slug":"psicologia-integrativa","status":"publish","type":"page","link":"https:\/\/joanadiz.com\/?page_id=108","title":{"rendered":"Psicologia Integrativa"},"content":{"rendered":"\n<p>Devolver as pessoas a elas mesmas \u00e9 recordar que todos n\u00f3s trazemos um espa\u00e7o \u00fanico capaz de transmutar os desafios que a nossa alma se prop\u00f4s\u2026<br>E criar esse lugar onde nos podemos expressar de forma livre e sermos tamb\u00e9m ouvidos de forma compassiva, pode operar verdadeiros milagres para o nosso caminho de vida.<\/p>\n\n\n\n<p>SIMPLICIDADE * COMPAIX\u00c3O * VERDADE s\u00e3o os principais valores que me guiam e me levam a guiar o outro.<\/p>\n\n\n\n<p>J\u00e1 vi um sil\u00eancio no olhar a mudar uma vida, uma simples palavra dita em Amor a trazer uma grande tomada de consci\u00eancia\u2026 E \u00e9 destes lugares que mais necessitamos regressar.<\/p>\n\n\n\n<p>Trago \u00e0 Psicologia uma abordagem que integra o ser humano como um todo, com grande enfoque \u00e0 auto-regula\u00e7\u00e3o emocional e consci\u00eancia corporal, atrav\u00e9s de ferramentas que se adequem \u00e0s necessidades da pessoa e que esta tamb\u00e9m as possa acolher.<\/p>\n\n\n\n<p>Seguem as principais diretrizes\/ disciplinas que considero essenciais neste acompanhamento:<\/p>\n\n\n\n<ul class=\"wp-block-list\">\n<li>Auto-observa\u00e7\u00e3o consciente<\/li>\n\n\n\n<li>Pr\u00e1ticas de Medita\u00e7\u00e3o Mindfulness<\/li>\n\n\n\n<li>Desenvolvimento da consci\u00eancia amorosa e compassiva<\/li>\n\n\n\n<li>Pr\u00e1ticas para o bem-estar e auto-cuidado di\u00e1rio<\/li>\n\n\n\n<li>Auto-regula\u00e7\u00e3o emocional\/ trauma<\/li>\n\n\n\n<li>Consci\u00eancia corporal<\/li>\n\n\n\n<li>Exerc\u00edcios sist\u00e9micos (constela\u00e7\u00f5es familiares)<\/li>\n\n\n\n<li>Desenvolvimento da for\u00e7a criativa\/ arte<\/li>\n<\/ul>\n","protected":false},"excerpt":{"rendered":"<p>Devolver as pessoas a elas mesmas \u00e9 recordar que todos n\u00f3s trazemos um espa\u00e7o \u00fanico capaz de transmutar os desafios que a nossa alma se prop\u00f4s\u2026E criar esse lugar onde nos podemos expressar de forma livre e sermos tamb\u00e9m ouvidos de forma compassiva, pode operar verdadeiros milagres para o nosso caminho de vida. SIMPLICIDADE * <a class=\"read-more\" href=\"https:\/\/joanadiz.com\/?page_id=108\">Read More<\/a><\/p>\n","protected":false},"author":1,"featured_media":0,"parent":0,"menu_order":0,"comment_status":"closed","ping_status":"closed","template":"","meta":{"footnotes":""},"class_list":["post-108","page","type-page","status-publish","hentry"],"_links":{"self":[{"href":"https:\/\/joanadiz.com\/index.php?rest_route=\/wp\/v2\/pages\/108","targetHints":{"allow":["GET"]}}],"collection":[{"href":"https:\/\/joanadiz.com\/index.php?rest_route=\/wp\/v2\/pages"}],"about":[{"href":"https:\/\/joanadiz.com\/index.php?rest_route=\/wp\/v2\/types\/page"}],"author":[{"embeddable":true,"href":"https:\/\/joanadiz.com\/index.php?rest_route=\/wp\/v2\/users\/1"}],"replies":[{"embeddable":true,"href":"https:\/\/joanadiz.com\/index.php?rest_route=%2Fwp%2Fv2%2Fcomments&post=108"}],"version-history":[{"count":1,"href":"https:\/\/joanadiz.com\/index.php?rest_route=\/wp\/v2\/pages\/108\/revisions"}],"predecessor-version":[{"id":109,"href":"https:\/\/joanadiz.com\/index.php?rest_route=\/wp\/v2\/pages\/108\/revisions\/109"}],"wp:attachment":[{"href":"https:\/\/joanadiz.com\/index.php?rest_route=%2Fwp%2Fv2%2Fmedia&parent=108"}],"curies":[{"name":"wp","href":"https:\/\/api.w.org\/{rel}","templated":true}]}}